{"id":2097,"date":"2026-01-22T21:21:16","date_gmt":"2026-01-22T21:21:16","guid":{"rendered":"https:\/\/www.magdacsutak.at\/?page_id=2097"},"modified":"2026-01-22T21:22:51","modified_gmt":"2026-01-22T21:22:51","slug":"bibliography","status":"publish","type":"page","link":"https:\/\/www.magdacsutak.at\/?page_id=2097&lang=de","title":{"rendered":"BIBLIOGRAPHIE"},"content":{"rendered":"\n<p><\/p>\n\n\n\n<ul class=\"wp-block-list\">\n<li><span style=\"color: #858585;\">Sz\u0151ke Annam\u00e1ria: EZER 1 NANO. Csutak Magda ki\u00e1ll\u00edt\u00e1s\u00e1hoz, in: (Kat., Budapest Gal\u00e9ria, Budapest, 1992).<\/span><\/li>\n\n\n\n<li><span style=\"color: #858585;\">Petern\u00e1k Mikl\u00f3s: Porcel\u00e1n \u00e9s grafit. Csutak Magda ki\u00e1ll\u00edt\u00e1sa, in: \u00daj M\u0171v\u00e9szet, 1993\/2.<\/span><\/li>\n\n\n\n<li><span style=\"color: #858585;\">Beke L\u00e1szl\u00f3: Kunst und Naturkunde, in: Csutak Magda (Kat., Budapest Art Expo-Viziv\u00e1rosi Gal\u00e9ria, 1995).<\/span><\/li>\n\n\n\n<li><span style=\"color: #858585;\">Lindner, Lia: Verwandlungen-Metamorphosen \/ \u00c1talakul\u00e1sok-Metamorf\u00f3zisok, in: Csutak Magda (Kat., Budapest Art Expo-Viziv\u00e1rosi Gal\u00e9ria, 1995).<\/span><\/li>\n\n\n\n<li><span style=\"color: #858585;\">Beke L\u00e1szl\u00f3 \u2013 Magda Csutak \u2013 Sz\u0151ke Annam\u00e1ria: Biographische Vorgeschichte \/ \u00c9letrajzi el\u0151zm\u00e9nyek, in: Csutak Magda (Kat., Budapest Art Expo-Viziv\u00e1rosi Gal\u00e9ria, 1995).<\/span><\/li>\n\n\n\n<li><span style=\"color: #858585;\">T\u00edm\u00e1r Katalin: Szelid gy\u00f3gym\u00f3d. Csend \u00e9let \u2013 Csutak Magda ki\u00e1ll\u00edt\u00e1sa, in: Balkon, 1995\/4.<\/span><\/li>\n\n\n\n<li><span style=\"color: #858585;\">Sz\u0151ke Annam\u00e1ria: TAUSEND 1 NANO. Zur Ausstellung von Magda Csutak \/ EZER 1 NANO. Csutak Magda ki\u00e1ll\u00edt\u00e1s\u00e1hoz, in: Nappali h\u00e1z, 1995\/3.<\/span><\/li>\n\n\n\n<li><span style=\"color: #858585;\">Gomringer, Eugen: Magda Csutak, in: GEOGRAFIE \u2013GEOMETRIE. Konkrete Kunst an der Donau, Kunstmappe, Wien, 1996.<\/span><\/li>\n\n\n\n<li><span style=\"color: #858585;\">Magda Csutak: Grenzen von Bewusstsein \/ A tudat hat\u00e1rai, in: Jenseits von Kunst \/ A m\u0171v\u00e9szeten t\u00fal (Kat. Jenseits von Kunst \/ A m\u0171v\u00e9szeten t\u00fal, Hrsg. Peter Weibel, Ludwig M\u00fazeum, Budapest, C3, Budapest, 1996, Neue Galerie am Landesmuseum Joanneum, Graz, 1997).<\/span><\/li>\n\n\n\n<li><span style=\"color: #858585;\">Csutak Magdolna: Alany \u00e9s \u00e1ll\u00edtm\u00e1ny \/ Subject and Predicate, in: Perspekt\u00edva \/ Perspective (Kat., M\u0171csarnok, C3, 2000, Budapest).<\/span><\/li>\n\n\n\n<li><span style=\"color: #858585;\">Bujdos\u00f3 Alp\u00e1r: Az \u00f6szt\u00f6n\u00f6s alkimista \/ Alchimie aus Intuition, in: Gy\u0171jt\u0151k-Gy\u0171jtem\u00e9nyek, 2000\/3.<\/span><\/li>\n\n\n\n<li><span style=\"color: #858585;\">R\u00e9nyi Andr\u00e1s: RE:mbrandt, kort\u00e1rs magyar m\u0171v\u00e9szek olvasatai \/ Re:mbrandt, Contemporary Hungarian Artists Respond, in: Re:mbrandt 400, Kort\u00e1rs magyar m\u0171v\u00e9szek v\u00e1laszolnak, Contemporary Hungarian Artists Respond (Kat., Sz\u00e9pm\u0171v\u00e9szeti M\u00fazeum, Budapest 6. Juli \u2013 8. Oktober 2005).<\/span><\/li>\n\n\n\n<li><span style=\"color: #858585;\">Beke L\u00e1szl\u00f3: Diagrammatikai adal\u00e9k a ki\u00e1ll\u00edt\u00e1shoz \/ A Diagrammatic Interpretation, in: Re:mbrandt 400, Kort\u00e1rs magyar m\u0171v\u00e9szek v\u00e1laszolnak, Contemporary Hungarian Artists Respond (Kat. Sz\u00e9pm\u0171v\u00e9szeti M\u00fazeum, Budapest, 6. Juli \u2013 8. Oktober 2005).<\/span><\/li>\n\n\n\n<li><span style=\"color: #858585;\">Csutak Magda: Diff\u00fazi\u00f3 I, Diff\u00fazi\u00f3 II \/ Diffusion I, Diffusion II, in: Re:mbrandt 400, Kort\u00e1rs magyar m\u0171v\u00e9szek v\u00e1laszolnak, Contemporary Hungarian Artists Respond (Kat., Sz\u00e9pm\u0171v\u00e9szeti M\u00fazeum, Budapest, 6. Juli \u2013 8. Oktober 2005).<\/span><\/li>\n\n\n\n<li><span style=\"color: #858585;\">Eugen Gomringer: Von der Materie zur Form. Die spezielle Wahrnehmung der Kunst von Magda Csutak \/ Az anyagt\u00f3l a form\u00e1ig. Csutak Magda m\u0171v\u00e9szet\u00e9nek k\u00fcl\u00f6n\u00f6s \u00e9rz\u00e9kel\u00e9se, in: Csutak Magda, AZONOS- \u00d6N\u00c1LL\u00d3 \/ GLEICH \u2013INDIVIDUELL (Kat., F\u0151v\u00e1rosi K\u00e9pt\u00e1r \u2013 Kiscelli M\u00fazeum, Die Haupst\u00e4dtische Gem\u00e4ldegalerie \u2013 Museum Kiscell, Budapest), Budapest, 2006.<\/span><\/li>\n\n\n\n<li><span style=\"color: #858585;\">Gomringer, Eugen: Csutak Magda Azonos-\u00f6n\u00e1ll\u00f3 c\u00edm\u00fc ki\u00e1ll\u00edt\u00e1sa a Kiscelli M\u00fazeumban, Magyar M\u0171hely Nr.140.<br><br><\/span><\/li>\n\n\n\n<li><span style=\"color: #858585;\">Imre Gy\u00f6rgyi: Minden mozg\u00e1sban. T\u00e1rlatvezet\u0151, in: M\u0171\u00e9rt\u0151, 2006\/6.<\/span><\/li>\n\n\n\n<li><span style=\"color: #858585;\">Bujdos\u00f3 Alp\u00e1r: AZONOS-\u00d6N\u00c1LL\u00d3, in: \u00c9let \u00e9s Irodalom, 2006. j\u00fanius 2.<\/span><\/li>\n\n\n\n<li><span style=\"color: #858585;\">Bujdos\u00f3 Alp\u00e1r: Csutak Magda munk\u00e1ihoz, in: \u00c9let \u00e9s Irodalom, 2007. szeptember 7., Nr.36.<\/span><\/li>\n\n\n\n<li><span style=\"color: #858585;\">Magda Csutak: Das Bild, in: Zeitraumzeit (Kat., K\u00fcnstlerhaus, Wien, 2008).<\/span><\/li>\n\n\n\n<li><span style=\"color: #858585;\">Carl Aigner: Magda Csutak, in: Zyklus 4.0, Zeitgen\u00f6ssische Kunst aus Mitteleuropa (Kat., Stift Lilienfeld, 2009).<\/span><\/li>\n\n\n\n<li><span style=\"color: #858585;\">Gomringer, Eugen: Ausstellung Magda Csutak, Budapest, 25. Mai 2006 \/ Opening remarks at the Magda Csutak exhibition, Budapest, May 25, 2006, in: Magda Csutak: A nulla megk\u00f6zel\u00edt\u00e9se \/ Die Ann\u00e4herung an die Null, Hrsg.: Beke L\u00e1szl\u00f3, Forschungsinstitut f\u00fcr Kunstgeschichte der Ungarischen Akademie der Wissenschaften, Budapest-Wien, 2011.<\/span><\/li>\n\n\n\n<li><span style=\"color: #858585;\"><a href=\"http:\/\/www.magdacsutak.at\/?page_id=777\">Magda Csutak: Die Ann\u00e4herung an die Null \/ Approaching Zero,<\/a> in: Magda Csutak: A nulla megk\u00f6zel\u00edt\u00e9se \/ Die Ann\u00e4herung an die Null, Hrsg.: Beke L\u00e1szl\u00f3, Forschungsinstitut f\u00fcr Kunstgeschichte der Ungarischen Akademie der Wissenschaften, Budapest-Wien, 2011.<\/span><\/li>\n\n\n\n<li><span style=\"color: #858585;\">Beke L\u00e1szl\u00f3: Az ellipszis \u00e9s a nulla. Csutak Magda m\u00fcv\u00e9szeti kutat\u00e1sai a tudom\u00e1nyok renszer\u00e9ben. Ellipse and Zero. The Artistic Research of Magda Csutak within the Systems of the Sciences. Magda Csutak: A nulla megk\u00f6zel\u00edt\u00e9se \/ Die Ann\u00e4herung an die Null, Hrsg.: Beke L\u00e1szl\u00f3, Forschungsinstitut f\u00fcr Kunstgeschichte der Ungarischen Akademie der Wissenschaften, Budapest-Wien, 2011.<\/span><\/li>\n\n\n\n<li><span style=\"color: #858585;\"><a href=\"http:\/\/www.magdacsutak.at\/?page_id=777\">Magda Csutak: Meine Kunstkammer, in: What\u2019s Next? (Kat., What\u00b4s Next?, Wunderkammer 2015, TU Wien).<\/a><\/span><\/li>\n\n\n\n<li><span style=\"color: #858585;\"><a href=\"http:\/\/www.magdacsutak.at\/?page_id=777\">Emese Mucsi: Kit\u00fcntet\u00e9s, Artmagazin 93, 15.\u00e9vfolyam 2017\/1<\/a><\/span><\/li>\n\n\n\n<li><span style=\"color: #858585;\">Magda Csutak: 7\/11-eine andere Art von Lichtbild, in: Abstraktionen (Kat., Abstraktionen, BILDER, Fotogalerie Wien 299\/2017).<\/span><\/li>\n<\/ul>\n","protected":false},"excerpt":{"rendered":"","protected":false},"author":1,"featured_media":0,"parent":0,"menu_order":15,"comment_status":"closed","ping_status":"closed","template":"","meta":{"footnotes":""},"class_list":["post-2097","page","type-page","status-publish"],"_links":{"self":[{"href":"https:\/\/www.magdacsutak.at\/index.php?rest_route=\/wp\/v2\/pages\/2097","targetHints":{"allow":["GET"]}}],"collection":[{"href":"https:\/\/www.magdacsutak.at\/index.php?rest_route=\/wp\/v2\/pages"}],"about":[{"href":"https:\/\/www.magdacsutak.at\/index.php?rest_route=\/wp\/v2\/types\/page"}],"author":[{"embeddable":true,"href":"https:\/\/www.magdacsutak.at\/index.php?rest_route=\/wp\/v2\/users\/1"}],"replies":[{"embeddable":true,"href":"https:\/\/www.magdacsutak.at\/index.php?rest_route=%2Fwp%2Fv2%2Fcomments&post=2097"}],"version-history":[{"count":2,"href":"https:\/\/www.magdacsutak.at\/index.php?rest_route=\/wp\/v2\/pages\/2097\/revisions"}],"predecessor-version":[{"id":2100,"href":"https:\/\/www.magdacsutak.at\/index.php?rest_route=\/wp\/v2\/pages\/2097\/revisions\/2100"}],"wp:attachment":[{"href":"https:\/\/www.magdacsutak.at\/index.php?rest_route=%2Fwp%2Fv2%2Fmedia&parent=2097"}],"curies":[{"name":"wp","href":"https:\/\/api.w.org\/{rel}","templated":true}]}}